divisor of m and 23?
23
Let o(t) = -t + 3. Let z be o(2). What is the greatest common divisor of 3 and z?
1
Let v(j) = -j**3 - 3*j**2 + j + 3. Let l be (-2 + 1)*4 - 0. Let q be v(l). Let x be (-2)/8 + (-301)/(-4). Calculate the highest common divisor of q and x.
15
Let z(x) = -x**3 - 9*x**2 + 12*x + 23. Let j be z(-10). Suppose j*a + 15 = -2*a, -r + 39 = a. Calculate the greatest common divisor of r and 105.
21
Let d(f) = 9*f**2 + 3*f + 4. Let t be d(-3). Suppose -4*a = -3*k + 11, -3*k + t = 5*a + 29. Let x = 87 - -12. What is the greatest common divisor of k and x?
9
Let s(n) = 2*n**3 + 2*n**2 + 2. Let u be s(-2). Let w = 2 - u. Calculate the highest common divisor of w and 20.
4
Let u = 25 - 17. Suppose 3*v + 2*x - u = 0, v - 4*x = 5*v - 8. Let n = v - -4. Calculate the greatest common factor of n and 40.
8
Let u(f) = -3 - 6*f**2 + 8*f + f**3 + f - 6*f. Let t be u(4). Let y = t - -41. Calculate the greatest common divisor of 36 and y.
18
Let g(h) = -h**3 - 8*h**2 + 6*h - 13. Let i be g(-9). What is the greatest common factor of 56 and i?
14
Suppose 5*x = 2*x. Suppose 4*v - v - 75 = x. What is the highest common divisor of 5 and v?
5
Let u = -31 - -6. Let f = u - -135. Calculate the highest common divisor of f and 10.
10
Let b(u) be the third derivative of -u**4/24 + u**3 + 2*u**2. Let i be b(3). Calculate the highest common divisor of i and 24.
3
Suppose 3 + 9 = 2*p. Calculate the highest common divisor of 48 and p.
6
Let o = -17 - -29. Calculate the greatest common divisor of 24 and o.
12
Suppose -o - a = a - 68, 200 = 3*o + 5*a. Suppose 0*b - o = -5*b. What is the greatest common factor of b and 4?
4
Suppose -18 = -2*c + 2*i - 4*i, 5*i = -4*c + 36. Calculate the greatest common divisor of 36 and c.
9
Suppose -2*m - 64 = -6*m. Suppose -64 = 5*z - 3*q, 2*z + 45 = -z + 4*q. Let p be (-5 - z)*8/6. What is the greatest common divisor of m and p?
8
Let x = 12 - 5. Suppose -x*v - 456 = -3*v. Let k be -2 - v/(-9)*-3. Calculate the greatest common factor of 24 and k.
12
Suppose -3*d = 3*o - 63, 2*d - 6 = 4*o - 60. Let k be (o/10)/((-12)/(-90)). What is the greatest common factor of 132 and k?
12
Let y = 28 - 18. Let c be (-1)/(-3) - y/(-6). Calculate the greatest common factor of 6 and c.
2
Let z = 4 + -11. Let q(l) = l**2 + 5*l - 10. Let w be q(z). Let x be (-31)/(-2) - 2/w. Calculate the greatest common factor of 5 and x.
5
Let h = 75 + -45. Let l be 815/55 - (-2)/11. Calculate the highest common divisor of h and l.
15
Suppose 0*k + 20 = 5*k. Let p be 3*k*(-4)/(-1). Suppose -9 = 3*h - p. Calculate the greatest common divisor of 65 and h.
13
Let g be 94/1 + (-4)/5*-5. Calculate the highest common divisor of g and 42.
14
Suppose -3*x = -8 - 1. Let m = 9 + x. Suppose 5*s - 148 = m. Calculate the highest common factor of 16 and s.
16
Suppose 0 = 4*b - 5 - 3. Calculate the greatest common factor of 6 and b.
2
Let f be 55/2*(-28)/(-35). Calculate the greatest common factor of 176 and f.
22
Let q be (-7)/(7/(-81)) + -3. What is the highest common factor of 13 and q?
13
Let q(n) = -n**2 - 2*n + 5. Let m be q(5). Let o be ((-6)/(-5))/(9/m). Let t be o/(-18) - 727/(-9). What is the greatest common divisor of 9 and t?
9
Suppose -6*q + 11 = -1. What is the greatest common factor of 9 and q?
1
Let x be (35/28)/(2/152). Suppose 3*m + x = 8*m. Calculate the highest common factor of m and 19.
19
Let j = 65 - -7. Calculate the greatest common factor of j and 18.
18
Let x(t) = 5*t - 7. Let i be x(2). Calculate the highest common factor of i and 6.
3
Suppose -3*s = -s - 10. Let i be s + -4*(-1)/2. Let y = i - -4. What is the highest common factor of 11 and y?
11
Let o = 0 + 45. Suppose 0 = j + j. Suppose h - 5 = -j*h. What is the greatest common divisor of o and h?
5
Let d = -179 - -294. Calculate the greatest common divisor of 46 and d.
23
Let p = -18 + 63. Calculate the highest common divisor of p and 18.
9
Let n(y) = -y**3 - 3*y**2 - 2*y + 2. Suppose -5*u + 0*u - 20 = 0. Let x be -5 + 1 + (-4)/u. Let j be n(x). Calculate the greatest common factor of j and 32.
8
Let f = 45 + -25. Calculate the greatest common factor of f and 200.
20
Let f = -46 - -60. Calculate the highest common divisor of 7 and f.
7
Let h be (1 + -45)/(-1) - 2. Suppose 0 = -3*v - v + 72. Suppose -p + v = 2*p. Calculate the highest common divisor of p and h.
6
Suppose -15*d + 14*d = 2, n - 211 = 2*d. Calculate the greatest common divisor of 23 and n.
23
Suppose -u + 28 = 10. What is the greatest common divisor of u and 162?
18
Let c(i) = -i - 4. Let f be c(-9). Suppose y - q - 21 - 17 = 0, 0 = 5*y + 5*q - 160. What is the greatest common divisor of y and f?
5
Let d be 1059/4 + -1 - 24/(-96). Calculate the highest common factor of 33 and d.
33
Let c(x) = -x**3 + 8*x**2 + 9*x + 2. Let t = 21 - 12. Let m be c(t). What is the greatest common divisor of 22 and m?
2
Let h(j) = j**2 + 25*j - 35. Let r be h(-27). Calculate the greatest common divisor of r and 19.
19
Suppose 0 = 5*r - 15. Let f(h) = 0 + h - 3 + h**r + 1. Let l be f(3). What is the highest common divisor of l and 56?
28
Let r(h) = h**3 + h**2 - 4*h. Let x be r(6). Calculate the highest common divisor of 12 and x.
12
Suppose 45 = 3*z + 6. What is the highest common divisor of 117 and z?
13
Suppose i + 4*k - 22 = 0, -4*i - 2*k = -4*k + 2. Let c be 40 - i*(-3 - -2). Calculate the highest common divisor of 63 and c.
21
Suppose 5*r + 5*o = 260, o - 120 - 88 = -4*r. Let y be (-1)/2*r/(-2). What is the highest common divisor of y and 26?
13
Suppose 3*d + 39 = 4*s, -5*s + 47 = -d - d. Suppose -21 = -2*p - s. Calculate the greatest common factor of p and 18.
6
Let d(l) = -l + 8. Let p be d(-5). Suppose -2*q + 16 = -10. What is the greatest common divisor of p and q?
13
Let t(k) = -k**2 + 7*k - 2. Let j be t(5). Calculate the highest common factor of j and 56.
8
Let k be 17/4*12/(-3)*-1. Calculate the greatest common factor of k and 170.
17
Let o = 19 + -11. Suppose 2*r - o = 8. Let m = -119 + 183. What is the greatest common factor of r and m?
8
Let b(p) = -p + 6. Let x be b(4). Let c be (-109 - -3)*x/(-4). Suppose 5*z + 5*j - c = -3, -2*j = -3*z + 45. What is the highest common factor of 104 and z?
13
Let b be 1123/7*1 - (-9)/(-21). Calculate the highest common factor of b and 32.
32
Let l = -35 + 87. What is the highest common factor of l and 78?
26
Suppose -3*f - 4*v = -215 + 888, f + 251 = 4*v. Let s be (30/(-9) - -2)*f. Suppose s = 3*d + d. What is the greatest common divisor of d and 7?
7
Let y(j) = j**3 + 4*j**2. Suppose 20 = -4*q - 3*s + s, -s = 5*q + 19. Let k be y(q). Let m = k - 1. What is the highest common divisor of m and 24?
8
Suppose 0 = 2*c + 4*j - 76, -3*c + 3*j = 2*j - 100. Calculate the greatest common divisor of 272 and c.
34
Let m(i) = -3*i - 2. Let f be m(-2). Let k(d) = -4*d + 4. Let u be k(0). What is the greatest common divisor of u and f?
4
Suppose -4*g + 165 = -3*n, 5*g - 94 = 3*n + 110. Calculate the greatest common divisor of g and 13.
13
Suppose -3*p - 2*p = 2*o - 260, -4*p + 5*o + 208 = 0. Let x = -19 + p. Let m = -5 + 8. Calculate the highest common divisor of x and m.
3
Let i be (-14)/(-3) + (-4)/(-12). Suppose -5*t = 2*g + g - 15, -2*g - i*t + 10 = 0. Suppose -39 - 1 = -g*k. What is the greatest common divisor of k and 2?
2
Let s(a) = -19*a + 1. Let i be s(-1). Calculate the greatest common factor of 8 and i.
4
Let w = -291 - -505. Let n = w + -60. Calculate the greatest common divisor of n and 14.
14
Let w be -2 + (1 - 24)*-1. Let u = w - 15. Let a be (-8)/u*42/(-4). Calculate the highest common divisor of a and 98.
14
Suppose 4*t - 9 = 3*t. Suppose -4*v - 5*u - 50 = -t*v, 2*v + 5*u = -15. Calculate the highest common divisor of 5 and v.
5
Let t = -3 - 1. Let i be (-2 - (t + 2))*1. Suppose 2*n - 5 - 3 = i. What is the greatest common factor of n and 28?
4
Suppose -2*d + 21 = d. Let w(y) = 11*y - 17. Let p be w(d). What is the greatest common divisor of 15 and p?
15
Let l = -11 - -19. Suppose -3*h + 2*h = -25. Let a = -13 + h. What is the greatest common factor of l and a?
4
Suppose 3*j = 4 + 5. Let q = 29 + -28. What is the greatest common divisor of q and j?
1
Let n = 157 + -112. Let h = -21 + 30. Calculate the greatest common divisor of n and h.
9
Let t = -8 - -11. Suppose t*m + 0*m = 9. Calculate the gr